{"id":63,"date":"2026-01-06T17:39:49","date_gmt":"2026-01-06T17:39:49","guid":{"rendered":"http:\/\/www.gite-lesrouvieres.fr\/?page_id=63"},"modified":"2026-01-13T11:01:55","modified_gmt":"2026-01-13T11:01:55","slug":"mentions-legales-et-conditions","status":"publish","type":"page","link":"https:\/\/www.gite-lesrouvieres.fr\/index.php\/mentions-legales-et-conditions\/","title":{"rendered":"Mentions l\u00e9gales et conditions"},"content":{"rendered":"<p>[et_pb_section fb_built=\u00a0\u00bb1&Prime; _builder_version=\u00a0\u00bb4.27.5&Prime; _module_preset=\u00a0\u00bbdefault\u00a0\u00bb global_colors_info=\u00a0\u00bb{}\u00a0\u00bb][et_pb_row _builder_version=\u00a0\u00bb4.27.5&Prime; _module_preset=\u00a0\u00bbdefault\u00a0\u00bb global_colors_info=\u00a0\u00bb{}\u00a0\u00bb][et_pb_column type=\u00a0\u00bb4_4&Prime; _builder_version=\u00a0\u00bb4.27.5&Prime; _module_preset=\u00a0\u00bbdefault\u00a0\u00bb global_colors_info=\u00a0\u00bb{}\u00a0\u00bb][et_pb_text _builder_version=\u00a0\u00bb4.27.5&Prime; _module_preset=\u00a0\u00bbdefault\u00a0\u00bb global_colors_info=\u00a0\u00bb{}\u00a0\u00bb]<\/p>\n<h1 style=\"text-align: center;\"><b>1. Mentions l\u00e9gales<\/b><\/h1>\n<p class=\"p3\" style=\"text-align: center;\"><b>Nom du site :<\/b><span class=\"s2\">\u00a0<\/span><\/p>\n<p class=\"p3\" style=\"text-align: center;\"><b>\u00c9diteur du site :<\/b><b><\/b><\/p>\n<p class=\"p4\" style=\"text-align: center;\">Nom \/ Raison sociale : BDLG<\/p>\n<p class=\"p4\" style=\"text-align: center;\">Statut juridique : SCI<\/p>\n<p class=\"p4\" style=\"text-align: center;\">Adresse du si\u00e8ge social : 1166 Route du plateau, 04200 Aubignosc<\/p>\n<p class=\"p4\" style=\"text-align: center;\">T\u00e9l\u00e9phone : 0626100978<\/p>\n<p class=\"p4\" style=\"text-align: center;\">Email : contact@gite-lesrouvieres.fr<\/p>\n<p class=\"p4\" style=\"text-align: center;\">Num\u00e9ro SIRET : 902 128 743 00025<\/p>\n<p class=\"p3\" style=\"text-align: center;\"><b>Directeur de la publication :<\/b><span class=\"s2\"> Loic Garrigues<\/span><\/p>\n<p class=\"p3\" style=\"text-align: center;\"><b>H\u00e9bergeur du site :<\/b><b><\/b><\/p>\n<p class=\"p4\" style=\"text-align: center;\">Nom : OVH CLOUD<\/p>\n<p class=\"p4\" style=\"text-align: center;\">Adresse : <span>Via Carlo Imbonati, 18, 20159 Milano MI, Italy<\/span><\/p>\n<p class=\"p4\" style=\"text-align: center;\">T\u00e9l\u00e9phone : <a href=\"tel:+390255600423\" target=\"_self\" class=\"svelte-16sypr2\">+390255600423<\/a><\/p>\n<hr \/>\n<h1 style=\"text-align: center;\"><b>2. Conditions G\u00e9n\u00e9rales de Vente (CGV)<\/b><\/h1>\n<h2 style=\"text-align: center;\"><b>Article 1 \u2013 Objet<\/b><\/h2>\n<p class=\"p4\" style=\"text-align: center;\">Les pr\u00e9sentes Conditions G\u00e9n\u00e9rales de Vente r\u00e9gissent les r\u00e9servations de s\u00e9jours propos\u00e9es sur le site g\u00eete les rouvi\u00e8res.<\/p>\n<h2 style=\"text-align: center;\"><b>Article 2 \u2013 Prestations<\/b><\/h2>\n<p class=\"p4\" style=\"text-align: center;\">Le site propose la r\u00e9servation de g\u00eetes situ\u00e9s \u00e0 : 1166 Route du plateau, 04200 Aubignosc<\/p>\n<h2 style=\"text-align: center;\"><b>Article 3 \u2013 Tarifs<\/b><\/h2>\n<p class=\"p4\" style=\"text-align: center;\">Les prix sont indiqu\u00e9s en euros, toutes taxes comprises. Les tarifs applicables sont ceux affich\u00e9s au moment de la r\u00e9servation.<\/p>\n<h2 style=\"text-align: center;\"><b>Article 4 \u2013 R\u00e9servation<\/b><\/h2>\n<p class=\"p4\" style=\"text-align: center;\">La r\u00e9servation devient ferme apr\u00e8s :<\/p>\n<ul style=\"text-align: center;\">\n<li>\n<p class=\"p1\">validation du paiement<\/p>\n<\/li>\n<li>\n<p class=\"p1\">acceptation des pr\u00e9sentes CGV via une case \u00e0 cocher<\/p>\n<\/li>\n<\/ul>\n<h2 style=\"text-align: center;\"><b>Article 5 \u2013 Paiement<\/b><\/h2>\n<p class=\"p4\" style=\"text-align: center;\">Les paiements sont effectu\u00e9s via : STRIPE . Les donn\u00e9es bancaires ne sont jamais stock\u00e9es par le site.<\/p>\n<h2 style=\"text-align: center;\"><b>Article 6 \u2013 Annulation<\/b><\/h2>\n<p class=\"p4\" style=\"text-align: center;\">Conditions d\u2019annulation : remboursement\u00a0 jusqu\u2019\u00e0 15 jours avant arriv\u00e9e.<\/p>\n<p class=\"p4\" style=\"text-align: center;\">Conform\u00e9ment \u00e0 l\u2019article L221-28 du Code de la consommation, le droit de r\u00e9tractation ne s\u2019applique pas aux prestations d\u2019h\u00e9bergement touristique.<\/p>\n<h2 style=\"text-align: center;\"><b>Article 8 \u2013 Responsabilit\u00e9<\/b><\/h2>\n<p class=\"p4\" style=\"text-align: center;\">Le propri\u00e9taire ne pourra \u00eatre tenu responsable des dommages indirects li\u00e9s au s\u00e9jour.<\/p>\n<h2 style=\"text-align: center;\"><b>Article 9 \u2013 Litiges<\/b><\/h2>\n<p class=\"p4\" style=\"text-align: center;\">Le pr\u00e9sent contrat est soumis au droit fran\u00e7ais. En cas de litige, une solution amiable sera recherch\u00e9e avant toute action judiciaire.<\/p>\n<hr \/>\n<h1 style=\"text-align: center;\"><b>3. Politique de confidentialit\u00e9 (RGPD)<\/b><\/h1>\n<h2 style=\"text-align: center;\"><b>Donn\u00e9es collect\u00e9es<\/b><\/h2>\n<ul style=\"text-align: center;\">\n<li>\n<p class=\"p1\">Nom et pr\u00e9nom<\/p>\n<\/li>\n<li>\n<p class=\"p1\">Adresse email<\/p>\n<\/li>\n<li>\n<p class=\"p1\">Num\u00e9ro de t\u00e9l\u00e9phone<\/p>\n<\/li>\n<li>\n<p class=\"p1\">Informations de r\u00e9servation<\/p>\n<\/li>\n<\/ul>\n<h2 style=\"text-align: center;\"><b>Finalit\u00e9<\/b><\/h2>\n<p class=\"p4\" style=\"text-align: center;\">Les donn\u00e9es sont collect\u00e9es pour :<\/p>\n<ul style=\"text-align: center;\">\n<li>\n<p class=\"p1\">g\u00e9rer les r\u00e9servations<\/p>\n<\/li>\n<li>\n<p class=\"p1\">assurer le paiement<\/p>\n<\/li>\n<li>\n<p class=\"p1\">communiquer avec le client<\/p>\n<\/li>\n<\/ul>\n<h2 style=\"text-align: center;\"><b>Conservation<\/b><\/h2>\n<p class=\"p4\" style=\"text-align: center;\">Les donn\u00e9es sont conserv\u00e9es pendant : 5 ans<\/p>\n<h2 style=\"text-align: center;\"><b>Partage des donn\u00e9es<\/b><\/h2>\n<p class=\"p4\" style=\"text-align: center;\">Les donn\u00e9es peuvent \u00eatre transmises \u00e0 des prestataires techniques (h\u00e9bergement, paiement).<\/p>\n<h2 style=\"text-align: center;\"><b>Droits des utilisateurs<\/b><\/h2>\n<p class=\"p4\" style=\"text-align: center;\">Conform\u00e9ment au RGPD, vous disposez d\u2019un droit d\u2019acc\u00e8s, de rectification et de suppression.<\/p>\n<p class=\"p4\" style=\"text-align: center;\">Contact : loic.garrigues@mailo.com<\/p>\n<hr \/>\n<h1 style=\"text-align: center;\"><b>4. Politique de cookies<\/b><\/h1>\n<p class=\"p4\" style=\"text-align: center;\">Le site utilise des cookies pour :<\/p>\n<ul style=\"text-align: center;\">\n<li>\n<p class=\"p1\">le bon fonctionnement du site<\/p>\n<\/li>\n<li>\n<p class=\"p1\"><span style=\"font-size: 16px;\">les statistiques de fr\u00e9quentation<\/span><\/p>\n<\/li>\n<\/ul>\n<p class=\"p4\" style=\"text-align: center;\">Vous pouvez accepter ou refuser les cookies via le bandeau affich\u00e9 lors de votre premi\u00e8re visite.<\/p>\n<hr \/>\n<h1 style=\"text-align: center;\"><b>5. Conditions G\u00e9n\u00e9rales d\u2019Utilisation (CGU)<\/b><\/h1>\n<h2 style=\"text-align: center;\"><b>Acc\u00e8s au site<\/b><\/h2>\n<p class=\"p4\" style=\"text-align: center;\">Le site est accessible \u00e0 tout utilisateur disposant d\u2019un acc\u00e8s internet.<\/p>\n<h2 style=\"text-align: center;\"><b>Responsabilit\u00e9<\/b><\/h2>\n<p class=\"p4\" style=\"text-align: center;\">L\u2019utilisateur s\u2019engage \u00e0 fournir des informations exactes lors de la r\u00e9servation.<\/p>\n<h2 style=\"text-align: center;\"><b>Propri\u00e9t\u00e9 intellectuelle<\/b><\/h2>\n<p class=\"p4\" style=\"text-align: center;\">Le contenu du site est prot\u00e9g\u00e9 par le droit d\u2019auteur. Toute reproduction est interdite sans autorisation.<\/p>\n<p>[\/et_pb_text][\/et_pb_column][\/et_pb_row][\/et_pb_section]<\/p>\n","protected":false},"excerpt":{"rendered":"<p>1. Mentions l\u00e9gales Nom du site :\u00a0 \u00c9diteur du site : Nom \/ Raison sociale : BDLG Statut juridique : SCI Adresse du si\u00e8ge social : 1166 Route du plateau, 04200 Aubignosc T\u00e9l\u00e9phone : 0626100978 Email : contact@gite-lesrouvieres.fr Num\u00e9ro SIRET : 902 128 743 00025 Directeur de la publication : Loic Garrigues H\u00e9bergeur du site [&hellip;]<\/p>\n","protected":false},"author":1,"featured_media":0,"parent":0,"menu_order":0,"comment_status":"closed","ping_status":"closed","template":"","meta":{"_et_pb_use_builder":"on","_et_pb_old_content":"","_et_gb_content_width":"","footnotes":""},"class_list":["post-63","page","type-page","status-publish","hentry"],"yoast_head":"<!-- This site is optimized with the Yoast SEO plugin v27.3 - https:\/\/yoast.com\/product\/yoast-seo-wordpress\/ -->\n<title>Mentions l\u00e9gales et conditions - G\u00eete les Rouvi\u00e8res<\/title>\n<meta name=\"robots\" content=\"index, follow, max-snippet:-1, max-image-preview:large, max-video-preview:-1\" \/>\n<link rel=\"canonical\" href=\"https:\/\/www.gite-lesrouvieres.fr\/index.php\/mentions-legales-et-conditions\/\" \/>\n<meta property=\"og:locale\" content=\"fr_FR\" \/>\n<meta property=\"og:type\" content=\"article\" \/>\n<meta property=\"og:title\" content=\"Mentions l\u00e9gales et conditions - G\u00eete les Rouvi\u00e8res\" \/>\n<meta property=\"og:description\" content=\"1. Mentions l\u00e9gales Nom du site :\u00a0 \u00c9diteur du site : Nom \/ Raison sociale : BDLG Statut juridique : SCI Adresse du si\u00e8ge social : 1166 Route du plateau, 04200 Aubignosc T\u00e9l\u00e9phone : 0626100978 Email : contact@gite-lesrouvieres.fr Num\u00e9ro SIRET : 902 128 743 00025 Directeur de la publication : Loic Garrigues H\u00e9bergeur du site [&hellip;]\" \/>\n<meta property=\"og:url\" content=\"https:\/\/www.gite-lesrouvieres.fr\/index.php\/mentions-legales-et-conditions\/\" \/>\n<meta property=\"og:site_name\" content=\"G\u00eete les Rouvi\u00e8res\" \/>\n<meta property=\"article:modified_time\" content=\"2026-01-13T11:01:55+00:00\" \/>\n<meta name=\"twitter:card\" content=\"summary_large_image\" \/>\n<meta name=\"twitter:label1\" content=\"Dur\u00e9e de lecture estim\u00e9e\" \/>\n\t<meta name=\"twitter:data1\" content=\"3 minutes\" \/>\n<script type=\"application\/ld+json\" class=\"yoast-schema-graph\">{\"@context\":\"https:\\\/\\\/schema.org\",\"@graph\":[{\"@type\":\"WebPage\",\"@id\":\"https:\\\/\\\/www.gite-lesrouvieres.fr\\\/index.php\\\/mentions-legales-et-conditions\\\/\",\"url\":\"https:\\\/\\\/www.gite-lesrouvieres.fr\\\/index.php\\\/mentions-legales-et-conditions\\\/\",\"name\":\"Mentions l\u00e9gales et conditions - G\u00eete les Rouvi\u00e8res\",\"isPartOf\":{\"@id\":\"https:\\\/\\\/www.gite-lesrouvieres.fr\\\/#website\"},\"datePublished\":\"2026-01-06T17:39:49+00:00\",\"dateModified\":\"2026-01-13T11:01:55+00:00\",\"breadcrumb\":{\"@id\":\"https:\\\/\\\/www.gite-lesrouvieres.fr\\\/index.php\\\/mentions-legales-et-conditions\\\/#breadcrumb\"},\"inLanguage\":\"fr-FR\",\"potentialAction\":[{\"@type\":\"ReadAction\",\"target\":[\"https:\\\/\\\/www.gite-lesrouvieres.fr\\\/index.php\\\/mentions-legales-et-conditions\\\/\"]}]},{\"@type\":\"BreadcrumbList\",\"@id\":\"https:\\\/\\\/www.gite-lesrouvieres.fr\\\/index.php\\\/mentions-legales-et-conditions\\\/#breadcrumb\",\"itemListElement\":[{\"@type\":\"ListItem\",\"position\":1,\"name\":\"Accueil\",\"item\":\"https:\\\/\\\/www.gite-lesrouvieres.fr\\\/\"},{\"@type\":\"ListItem\",\"position\":2,\"name\":\"Mentions l\u00e9gales et conditions\"}]},{\"@type\":\"WebSite\",\"@id\":\"https:\\\/\\\/www.gite-lesrouvieres.fr\\\/#website\",\"url\":\"https:\\\/\\\/www.gite-lesrouvieres.fr\\\/\",\"name\":\"G\u00eete les Rouvi\u00e8res\",\"description\":\"\",\"publisher\":{\"@id\":\"https:\\\/\\\/www.gite-lesrouvieres.fr\\\/#organization\"},\"potentialAction\":[{\"@type\":\"SearchAction\",\"target\":{\"@type\":\"EntryPoint\",\"urlTemplate\":\"https:\\\/\\\/www.gite-lesrouvieres.fr\\\/?s={search_term_string}\"},\"query-input\":{\"@type\":\"PropertyValueSpecification\",\"valueRequired\":true,\"valueName\":\"search_term_string\"}}],\"inLanguage\":\"fr-FR\"},{\"@type\":\"Organization\",\"@id\":\"https:\\\/\\\/www.gite-lesrouvieres.fr\\\/#organization\",\"name\":\"G\u00eete les Rouvi\u00e8res\",\"url\":\"https:\\\/\\\/www.gite-lesrouvieres.fr\\\/\",\"logo\":{\"@type\":\"ImageObject\",\"inLanguage\":\"fr-FR\",\"@id\":\"https:\\\/\\\/www.gite-lesrouvieres.fr\\\/#\\\/schema\\\/logo\\\/image\\\/\",\"url\":\"https:\\\/\\\/www.gite-lesrouvieres.fr\\\/wp-content\\\/uploads\\\/2026\\\/01\\\/home-rental-09.png\",\"contentUrl\":\"https:\\\/\\\/www.gite-lesrouvieres.fr\\\/wp-content\\\/uploads\\\/2026\\\/01\\\/home-rental-09.png\",\"width\":48,\"height\":48,\"caption\":\"G\u00eete les Rouvi\u00e8res\"},\"image\":{\"@id\":\"https:\\\/\\\/www.gite-lesrouvieres.fr\\\/#\\\/schema\\\/logo\\\/image\\\/\"}}]}<\/script>\n<!-- \/ Yoast SEO plugin. -->","yoast_head_json":{"title":"Mentions l\u00e9gales et conditions - G\u00eete les Rouvi\u00e8res","robots":{"index":"index","follow":"follow","max-snippet":"max-snippet:-1","max-image-preview":"max-image-preview:large","max-video-preview":"max-video-preview:-1"},"canonical":"https:\/\/www.gite-lesrouvieres.fr\/index.php\/mentions-legales-et-conditions\/","og_locale":"fr_FR","og_type":"article","og_title":"Mentions l\u00e9gales et conditions - G\u00eete les Rouvi\u00e8res","og_description":"1. Mentions l\u00e9gales Nom du site :\u00a0 \u00c9diteur du site : Nom \/ Raison sociale : BDLG Statut juridique : SCI Adresse du si\u00e8ge social : 1166 Route du plateau, 04200 Aubignosc T\u00e9l\u00e9phone : 0626100978 Email : contact@gite-lesrouvieres.fr Num\u00e9ro SIRET : 902 128 743 00025 Directeur de la publication : Loic Garrigues H\u00e9bergeur du site [&hellip;]","og_url":"https:\/\/www.gite-lesrouvieres.fr\/index.php\/mentions-legales-et-conditions\/","og_site_name":"G\u00eete les Rouvi\u00e8res","article_modified_time":"2026-01-13T11:01:55+00:00","twitter_card":"summary_large_image","twitter_misc":{"Dur\u00e9e de lecture estim\u00e9e":"3 minutes"},"schema":{"@context":"https:\/\/schema.org","@graph":[{"@type":"WebPage","@id":"https:\/\/www.gite-lesrouvieres.fr\/index.php\/mentions-legales-et-conditions\/","url":"https:\/\/www.gite-lesrouvieres.fr\/index.php\/mentions-legales-et-conditions\/","name":"Mentions l\u00e9gales et conditions - G\u00eete les Rouvi\u00e8res","isPartOf":{"@id":"https:\/\/www.gite-lesrouvieres.fr\/#website"},"datePublished":"2026-01-06T17:39:49+00:00","dateModified":"2026-01-13T11:01:55+00:00","breadcrumb":{"@id":"https:\/\/www.gite-lesrouvieres.fr\/index.php\/mentions-legales-et-conditions\/#breadcrumb"},"inLanguage":"fr-FR","potentialAction":[{"@type":"ReadAction","target":["https:\/\/www.gite-lesrouvieres.fr\/index.php\/mentions-legales-et-conditions\/"]}]},{"@type":"BreadcrumbList","@id":"https:\/\/www.gite-lesrouvieres.fr\/index.php\/mentions-legales-et-conditions\/#breadcrumb","itemListElement":[{"@type":"ListItem","position":1,"name":"Accueil","item":"https:\/\/www.gite-lesrouvieres.fr\/"},{"@type":"ListItem","position":2,"name":"Mentions l\u00e9gales et conditions"}]},{"@type":"WebSite","@id":"https:\/\/www.gite-lesrouvieres.fr\/#website","url":"https:\/\/www.gite-lesrouvieres.fr\/","name":"G\u00eete les Rouvi\u00e8res","description":"","publisher":{"@id":"https:\/\/www.gite-lesrouvieres.fr\/#organization"},"potentialAction":[{"@type":"SearchAction","target":{"@type":"EntryPoint","urlTemplate":"https:\/\/www.gite-lesrouvieres.fr\/?s={search_term_string}"},"query-input":{"@type":"PropertyValueSpecification","valueRequired":true,"valueName":"search_term_string"}}],"inLanguage":"fr-FR"},{"@type":"Organization","@id":"https:\/\/www.gite-lesrouvieres.fr\/#organization","name":"G\u00eete les Rouvi\u00e8res","url":"https:\/\/www.gite-lesrouvieres.fr\/","logo":{"@type":"ImageObject","inLanguage":"fr-FR","@id":"https:\/\/www.gite-lesrouvieres.fr\/#\/schema\/logo\/image\/","url":"https:\/\/www.gite-lesrouvieres.fr\/wp-content\/uploads\/2026\/01\/home-rental-09.png","contentUrl":"https:\/\/www.gite-lesrouvieres.fr\/wp-content\/uploads\/2026\/01\/home-rental-09.png","width":48,"height":48,"caption":"G\u00eete les Rouvi\u00e8res"},"image":{"@id":"https:\/\/www.gite-lesrouvieres.fr\/#\/schema\/logo\/image\/"}}]}},"_links":{"self":[{"href":"https:\/\/www.gite-lesrouvieres.fr\/index.php\/wp-json\/wp\/v2\/pages\/63","targetHints":{"allow":["GET"]}}],"collection":[{"href":"https:\/\/www.gite-lesrouvieres.fr\/index.php\/wp-json\/wp\/v2\/pages"}],"about":[{"href":"https:\/\/www.gite-lesrouvieres.fr\/index.php\/wp-json\/wp\/v2\/types\/page"}],"author":[{"embeddable":true,"href":"https:\/\/www.gite-lesrouvieres.fr\/index.php\/wp-json\/wp\/v2\/users\/1"}],"replies":[{"embeddable":true,"href":"https:\/\/www.gite-lesrouvieres.fr\/index.php\/wp-json\/wp\/v2\/comments?post=63"}],"version-history":[{"count":3,"href":"https:\/\/www.gite-lesrouvieres.fr\/index.php\/wp-json\/wp\/v2\/pages\/63\/revisions"}],"predecessor-version":[{"id":105,"href":"https:\/\/www.gite-lesrouvieres.fr\/index.php\/wp-json\/wp\/v2\/pages\/63\/revisions\/105"}],"wp:attachment":[{"href":"https:\/\/www.gite-lesrouvieres.fr\/index.php\/wp-json\/wp\/v2\/media?parent=63"}],"curies":[{"name":"wp","href":"https:\/\/api.w.org\/{rel}","templated":true}]}}